{"id":15182,"date":"2017-07-24T07:30:35","date_gmt":"2017-07-24T07:30:35","guid":{"rendered":"http:\/\/pusuladernegi.org\/?page_id=15182"},"modified":"2017-07-24T08:07:35","modified_gmt":"2017-07-24T08:07:35","slug":"gida-kolisi-hazirligi-2017","status":"publish","type":"page","link":"https:\/\/pusuladernegi.org\/?page_id=15182","title":{"rendered":"G\u0131da Kolisi Haz\u0131rl\u0131\u011f\u0131 (2017)"},"content":{"rendered":"<p>Ramazan ay\u0131n bereket ve infak ay\u0131 ayn\u0131 zamanda \u00e7ocuklar\u0131m\u0131z\u0131n \u00f6\u011frendikleri bilgilerini i\u00e7selle\u015ftirmeleri i\u00e7in ihtiya\u00e7 sahiplerine da\u011f\u0131t\u0131lmak \u00fczere evlerinden getirdikleri g\u0131da maddelerini hep birlikte kolilere yerle\u015ftirdiler&#8230;<\/p>\n<p><a href=\"https:\/\/pusuladernegi.org\/wp-content\/uploads\/2017-g\u0131da-kolisi-haz\u0131rl\u0131\u011f\u0131-1.jpg\"><img loading=\"lazy\" decoding=\"async\" class=\"alignleft size-thumbnail wp-image-15183\" src=\"https:\/\/pusuladernegi.org\/wp-content\/uploads\/2017-g\u0131da-kolisi-haz\u0131rl\u0131\u011f\u0131-1-150x150.jpg\" alt=\"\" width=\"150\" height=\"150\" \/><\/a> <a href=\"https:\/\/pusuladernegi.org\/wp-content\/uploads\/2017-g\u0131da-kolisi-haz\u0131rl\u0131\u011f\u0131-3.jpg\"><img loading=\"lazy\" decoding=\"async\" class=\"alignleft size-thumbnail wp-image-15184\" src=\"https:\/\/pusuladernegi.org\/wp-content\/uploads\/2017-g\u0131da-kolisi-haz\u0131rl\u0131\u011f\u0131-3-150x150.jpg\" alt=\"\" width=\"150\" height=\"150\" \/><\/a> <a href=\"https:\/\/pusuladernegi.org\/wp-content\/uploads\/2017-g\u0131da-kolisi-haz\u0131rl\u0131\u011f\u0131.jpg\"><img loading=\"lazy\" decoding=\"async\" class=\"alignleft size-thumbnail wp-image-15185\" src=\"https:\/\/pusuladernegi.org\/wp-content\/uploads\/2017-g\u0131da-kolisi-haz\u0131rl\u0131\u011f\u0131-150x150.jpg\" alt=\"\" width=\"150\" height=\"150\" \/><\/a> <a href=\"https:\/\/pusuladernegi.org\/wp-content\/uploads\/2017-g\u0131da-kolisi-haz\u0131rl\u0131\u011f\u0131-2.jpg\"><img loading=\"lazy\" decoding=\"async\" class=\"alignleft size-thumbnail wp-image-15186\" src=\"https:\/\/pusuladernegi.org\/wp-content\/uploads\/2017-g\u0131da-kolisi-haz\u0131rl\u0131\u011f\u0131-2-150x150.jpg\" alt=\"\" width=\"150\" height=\"150\" \/><\/a><\/p>\n","protected":false},"excerpt":{"rendered":"<p>Ramazan ay\u0131n bereket ve infak ay\u0131 ayn\u0131 zamanda \u00e7ocuklar\u0131m\u0131z\u0131n \u00f6\u011frendikleri bilgilerini i\u00e7selle\u015ftirmeleri i\u00e7in ihtiya\u00e7 sahiplerine da\u011f\u0131t\u0131lmak \u00fczere evlerinden getirdikleri g\u0131da<\/p>\n","protected":false},"author":1,"featured_media":0,"parent":15047,"menu_order":0,"comment_status":"closed","ping_status":"closed","template":"template-twocolumnsleft.php","meta":{"colormag_page_container_layout":"default_layout","colormag_page_sidebar_layout":"default_layout","footnotes":""},"class_list":["post-15182","page","type-page","status-publish","hentry"],"_links":{"self":[{"href":"https:\/\/pusuladernegi.org\/index.php?rest_route=\/wp\/v2\/pages\/15182"}],"collection":[{"href":"https:\/\/pusuladernegi.org\/index.php?rest_route=\/wp\/v2\/pages"}],"about":[{"href":"https:\/\/pusuladernegi.org\/index.php?rest_route=\/wp\/v2\/types\/page"}],"author":[{"embeddable":true,"href":"https:\/\/pusuladernegi.org\/index.php?rest_route=\/wp\/v2\/users\/1"}],"replies":[{"embeddable":true,"href":"https:\/\/pusuladernegi.org\/index.php?rest_route=%2Fwp%2Fv2%2Fcomments&post=15182"}],"version-history":[{"count":1,"href":"https:\/\/pusuladernegi.org\/index.php?rest_route=\/wp\/v2\/pages\/15182\/revisions"}],"predecessor-version":[{"id":15189,"href":"https:\/\/pusuladernegi.org\/index.php?rest_route=\/wp\/v2\/pages\/15182\/revisions\/15189"}],"up":[{"embeddable":true,"href":"https:\/\/pusuladernegi.org\/index.php?rest_route=\/wp\/v2\/pages\/15047"}],"wp:attachment":[{"href":"https:\/\/pusuladernegi.org\/index.php?rest_route=%2Fwp%2Fv2%2Fmedia&parent=15182"}],"curies":[{"name":"wp","href":"https:\/\/api.w.org\/{rel}","templated":true}]}}