{"id":3099,"date":"2012-12-08T09:39:11","date_gmt":"2012-12-08T09:39:11","guid":{"rendered":"http:\/\/pusuladernegi.org\/?page_id=3099"},"modified":"2013-11-06T13:09:07","modified_gmt":"2013-11-06T13:09:07","slug":"yemek-yemek-sofra-adabi","status":"publish","type":"page","link":"https:\/\/pusuladernegi.org\/?page_id=3099","title":{"rendered":"Yemek Yemek \u201cSofra Adab\u0131\u201d"},"content":{"rendered":"<p><a href=\"https:\/\/pusuladernegi.org\/wp-content\/uploads\/sofrada-yap\u0131lmas\u0131-reken-ve-gerekmeyen-davran\u0131\u015flar-2.jpg\"><img loading=\"lazy\" decoding=\"async\" class=\"size-thumbnail wp-image-3688\" title=\"sofrada yap\u0131lmas\u0131 reken ve gerekmeyen davran\u0131\u015flar 2\" src=\"https:\/\/pusuladernegi.org\/wp-content\/uploads\/sofrada-yap\u0131lmas\u0131-reken-ve-gerekmeyen-davran\u0131\u015flar-2-150x150.jpg\" alt=\"\" width=\"150\" height=\"150\" \/><\/a><\/p>\n<dl id=\"attachment_3685\" class=\"wp-caption alignleft\" style=\"width: 160px;\">\n<dt class=\"wp-caption-dt\"><a href=\"https:\/\/pusuladernegi.org\/wp-content\/uploads\/sofra-adab\u0131m\u0131z-1.jpg\"><img loading=\"lazy\" decoding=\"async\" class=\"size-thumbnail wp-image-3685\" title=\"sofra adab\u0131m\u0131z 1\" src=\"https:\/\/pusuladernegi.org\/wp-content\/uploads\/sofra-adab\u0131m\u0131z-1-150x150.jpg\" alt=\"\" width=\"150\" height=\"150\" \/><\/a><\/dt>\n<dd class=\"wp-caption-dd\">sofra adab\u0131m\u0131z 1<\/dd>\n<\/dl>\n<figure id=\"attachment_3686\" aria-describedby=\"caption-attachment-3686\" style=\"width: 150px\" class=\"wp-caption alignleft\"><a href=\"https:\/\/pusuladernegi.org\/wp-content\/uploads\/sofra-adab\u0131m\u0131z-2.jpg\"><img loading=\"lazy\" decoding=\"async\" class=\"size-thumbnail wp-image-3686\" title=\"sofra adab\u0131m\u0131z 2\" src=\"https:\/\/pusuladernegi.org\/wp-content\/uploads\/sofra-adab\u0131m\u0131z-2-150x150.jpg\" alt=\"\" width=\"150\" height=\"150\" \/><\/a><figcaption id=\"caption-attachment-3686\" class=\"wp-caption-text\">sofra adab\u0131m\u0131z 2<\/figcaption><\/figure>\n<div class=\"mceTemp\">\n<figure id=\"attachment_3687\" aria-describedby=\"caption-attachment-3687\" style=\"width: 150px\" class=\"wp-caption alignleft\"><a href=\"https:\/\/pusuladernegi.org\/wp-content\/uploads\/sofrada-yap\u0131lmas\u0131-reken-ve-gerekmeyen-davran\u0131\u015flar-1.jpg\"><img loading=\"lazy\" decoding=\"async\" class=\"size-thumbnail wp-image-3687\" title=\"sofrada yap\u0131lmas\u0131 reken ve gerekmeyen davran\u0131\u015flar 1\" src=\"https:\/\/pusuladernegi.org\/wp-content\/uploads\/sofrada-yap\u0131lmas\u0131-reken-ve-gerekmeyen-davran\u0131\u015flar-1-150x150.jpg\" alt=\"\" width=\"150\" height=\"150\" \/><\/a><figcaption id=\"caption-attachment-3687\" class=\"wp-caption-text\">sofrada yap\u0131lmas\u0131 reken ve gerekmeyen davran\u0131\u015flar 1<\/figcaption><\/figure>\n<div class=\"mceTemp\">\n<figure id=\"attachment_3689\" aria-describedby=\"caption-attachment-3689\" style=\"width: 150px\" class=\"wp-caption alignleft\"><a href=\"https:\/\/pusuladernegi.org\/wp-content\/uploads\/yemek-duas\u0131.jpg\"><img loading=\"lazy\" decoding=\"async\" class=\"size-thumbnail wp-image-3689\" title=\"yemek duas\u0131\" src=\"https:\/\/pusuladernegi.org\/wp-content\/uploads\/yemek-duas\u0131-150x150.jpg\" alt=\"\" width=\"150\" height=\"150\" \/><\/a><figcaption id=\"caption-attachment-3689\" class=\"wp-caption-text\">yemek duas\u0131<\/figcaption><\/figure>\n<\/div>\n<\/div>\n<\/div>\n","protected":false},"excerpt":{"rendered":"<p>sofra adab\u0131m\u0131z 1<\/p>\n","protected":false},"author":1,"featured_media":0,"parent":6982,"menu_order":0,"comment_status":"open","ping_status":"closed","template":"template-twocolumnsright.php","meta":{"colormag_page_container_layout":"default_layout","colormag_page_sidebar_layout":"default_layout","footnotes":""},"class_list":["post-3099","page","type-page","status-publish","hentry"],"_links":{"self":[{"href":"https:\/\/pusuladernegi.org\/index.php?rest_route=\/wp\/v2\/pages\/3099"}],"collection":[{"href":"https:\/\/pusuladernegi.org\/index.php?rest_route=\/wp\/v2\/pages"}],"about":[{"href":"https:\/\/pusuladernegi.org\/index.php?rest_route=\/wp\/v2\/types\/page"}],"author":[{"embeddable":true,"href":"https:\/\/pusuladernegi.org\/index.php?rest_route=\/wp\/v2\/users\/1"}],"replies":[{"embeddable":true,"href":"https:\/\/pusuladernegi.org\/index.php?rest_route=%2Fwp%2Fv2%2Fcomments&post=3099"}],"version-history":[{"count":4,"href":"https:\/\/pusuladernegi.org\/index.php?rest_route=\/wp\/v2\/pages\/3099\/revisions"}],"predecessor-version":[{"id":3691,"href":"https:\/\/pusuladernegi.org\/index.php?rest_route=\/wp\/v2\/pages\/3099\/revisions\/3691"}],"up":[{"embeddable":true,"href":"https:\/\/pusuladernegi.org\/index.php?rest_route=\/wp\/v2\/pages\/6982"}],"wp:attachment":[{"href":"https:\/\/pusuladernegi.org\/index.php?rest_route=%2Fwp%2Fv2%2Fmedia&parent=3099"}],"curies":[{"name":"wp","href":"https:\/\/api.w.org\/{rel}","templated":true}]}}