{"id":565,"date":"2012-05-22T12:44:07","date_gmt":"2012-05-22T12:44:07","guid":{"rendered":"http:\/\/pusuladernegi.org\/?page_id=565"},"modified":"2012-06-12T11:50:54","modified_gmt":"2012-06-12T11:50:54","slug":"ezberden-mehmet-akif-siirleri-okuma-yarismasi","status":"publish","type":"page","link":"https:\/\/pusuladernegi.org\/?page_id=565","title":{"rendered":"Ezberden  Mehmet Akif \u015eiirleri Okuma Yar\u0131\u015fmas\u0131"},"content":{"rendered":"<div class=\"mceTemp\">\n<div class=\"mceTemp\">\n<div class=\"mceTemp\">\n<div class=\"mceTemp\">\n<div class=\"mceTemp\">\n<div class=\"mceTemp\">\n<figure id=\"attachment_820\" aria-describedby=\"caption-attachment-820\" style=\"width: 150px\" class=\"wp-caption alignleft\"><a href=\"https:\/\/pusuladernegi.org\/wp-content\/uploads\/ezberden-mehmet-akif-\u015fiir-okuma-yar\u0131\u015fmas\u0131-2.jpg\"><img loading=\"lazy\" decoding=\"async\" class=\"size-thumbnail wp-image-820\" title=\"ezberden mehmet akif \u015fiir okuma yar\u0131\u015fmas\u0131 (2)\" src=\"https:\/\/pusuladernegi.org\/wp-content\/uploads\/ezberden-mehmet-akif-\u015fiir-okuma-yar\u0131\u015fmas\u0131-2-150x150.jpg\" alt=\"\" width=\"150\" height=\"150\" \/><\/a><figcaption id=\"caption-attachment-820\" class=\"wp-caption-text\">ezberden mehmet akif \u015fiir okuma yar\u0131\u015fmas\u0131 birincisi emir&#39;e hediyesi verilirken 24 aral\u0131k 2011<\/figcaption><\/figure>\n<dl id=\"attachment_819\" class=\"wp-caption alignleft\" style=\"width: 160px;\">\n<dt class=\"wp-caption-dt\"><a href=\"https:\/\/pusuladernegi.org\/wp-content\/uploads\/ezberden-mehmet-akif-\u015fiir-okuma-yar\u0131\u015fmas\u0131-1.jpg\"><img loading=\"lazy\" decoding=\"async\" class=\"size-thumbnail wp-image-819\" title=\"ezberden mehmet akif \u015fiir okuma yar\u0131\u015fmas\u0131 (1)\" src=\"https:\/\/pusuladernegi.org\/wp-content\/uploads\/ezberden-mehmet-akif-\u015fiir-okuma-yar\u0131\u015fmas\u0131-1-150x150.jpg\" alt=\"\" width=\"150\" height=\"150\" \/><\/a><\/dt>\n<dd class=\"wp-caption-dd\">\u00f6\u011frenciler \u015fiirlerini okurken 24 aral\u0131k 2011<\/dd>\n<\/dl>\n<\/div>\n<dl id=\"attachment_818\" class=\"wp-caption alignleft\" style=\"width: 160px;\">\n<dt class=\"wp-caption-dt\"><a href=\"https:\/\/pusuladernegi.org\/wp-content\/uploads\/ezberden-mehmet-akif-\u015fiir-okuma-yar\u0131\u015fmas\u0131.jpg\"><img loading=\"lazy\" decoding=\"async\" class=\"size-thumbnail wp-image-818\" title=\"ezberden mehmet akif \u015fiir okuma yar\u0131\u015fmas\u0131\" src=\"https:\/\/pusuladernegi.org\/wp-content\/uploads\/ezberden-mehmet-akif-\u015fiir-okuma-yar\u0131\u015fmas\u0131-150x150.jpg\" alt=\"\" width=\"150\" height=\"150\" \/><\/a><\/dt>\n<dd class=\"wp-caption-dd\">ezberden mehmet akif \u015fiir okuma yar\u0131\u015fmas\u0131 afi\u015fi<\/dd>\n<\/dl>\n<\/div>\n<\/div>\n<\/div>\n<\/div>\n<div class=\"mceTemp\">\u00a0<\/div>\n<div class=\"mceTemp\">\n<figure id=\"attachment_821\" aria-describedby=\"caption-attachment-821\" style=\"width: 150px\" class=\"wp-caption alignleft\"><a href=\"https:\/\/pusuladernegi.org\/wp-content\/uploads\/ezberden-mehmet-akif-\u015fiir-okuma-yar\u0131\u015fmas\u0131-3.jpg\"><img loading=\"lazy\" decoding=\"async\" class=\"size-thumbnail wp-image-821\" title=\"ezberden mehmet akif \u015fiir okuma yar\u0131\u015fmas\u0131 (3)\" src=\"https:\/\/pusuladernegi.org\/wp-content\/uploads\/ezberden-mehmet-akif-\u015fiir-okuma-yar\u0131\u015fmas\u0131-3-150x150.jpg\" alt=\"\" width=\"150\" height=\"150\" \/><\/a><figcaption id=\"caption-attachment-821\" class=\"wp-caption-text\">ezberden mehmet akif \u015fiir okuma yar\u0131\u015fmas\u0131 31 aral\u0131k 2011<\/figcaption><\/figure>\n<\/div>\n<dl id=\"attachment_823\" class=\"wp-caption alignleft\" style=\"width: 160px;\">\n<dt class=\"wp-caption-dt\"><a href=\"https:\/\/pusuladernegi.org\/wp-content\/uploads\/ezberden-mehmet-akif-\u015fiir-okuma-yar\u0131\u015fmas\u0131-5.jpg\"><img loading=\"lazy\" decoding=\"async\" class=\"size-thumbnail wp-image-823\" title=\"ezberden mehmet akif \u015fiir okuma yar\u0131\u015fmas\u0131 (5)\" src=\"https:\/\/pusuladernegi.org\/wp-content\/uploads\/ezberden-mehmet-akif-\u015fiir-okuma-yar\u0131\u015fmas\u0131-5-150x150.jpg\" alt=\"\" width=\"150\" height=\"150\" \/><\/a><\/dt>\n<dd class=\"wp-caption-dd\">ezberden mehmet akif \u015fiir okuma yar\u0131\u015fmas\u0131 birincisi Ebrar&#8217;a hediyesi verilirken 31 aral\u0131k 2011<\/dd>\n<\/dl>\n<\/div>\n<p>&nbsp;<\/p>\n<p>&nbsp;<\/p>\n<p>&nbsp;<\/p>\n<p>&nbsp;<\/p>\n<p>&nbsp;<\/p>\n<p>&nbsp;<\/p>\n<p>&nbsp;<\/p>\n<p>&nbsp;<\/p>\n<p>&nbsp;<\/p>\n<p>&nbsp;<\/p>\n<p>&nbsp;<\/p>\n<p><span style=\"color: #000000;\">Mehmet Akif\u2019in vefat y\u0131ld\u00f6n\u00fcm\u00fc m\u00fcnasebetiyle Mehmet Akif\u2019in \u015fiirleri ezberden okuma yar\u0131\u015fmas\u0131 yap\u0131ld\u0131. Pusula \u00c7ocuk Kul\u00fcb\u00fc \u00f6\u011frencileri yar\u0131\u015fmaya b\u00fcy\u00fck bir co\u015fku ve heyecan ile haz\u0131rland\u0131lar ve sundular. Yar\u0131\u015fmaya kat\u0131lan her \u00f6\u011frencimize \u201cSon M\u00fch\u00fcr\u201d isimli kitap hediye edildi. <\/span><\/p>\n","protected":false},"excerpt":{"rendered":"<p>\u00f6\u011frenciler \u015fiirlerini okurken 24 aral\u0131k 2011 ezberden mehmet akif \u015fiir okuma yar\u0131\u015fmas\u0131 afi\u015fi \u00a0 ezberden mehmet akif \u015fiir okuma yar\u0131\u015fmas\u0131<\/p>\n","protected":false},"author":1,"featured_media":0,"parent":156,"menu_order":0,"comment_status":"open","ping_status":"open","template":"template-twocolumnsright.php","meta":{"colormag_page_container_layout":"default_layout","colormag_page_sidebar_layout":"default_layout","footnotes":""},"class_list":["post-565","page","type-page","status-publish","hentry"],"_links":{"self":[{"href":"https:\/\/pusuladernegi.org\/index.php?rest_route=\/wp\/v2\/pages\/565"}],"collection":[{"href":"https:\/\/pusuladernegi.org\/index.php?rest_route=\/wp\/v2\/pages"}],"about":[{"href":"https:\/\/pusuladernegi.org\/index.php?rest_route=\/wp\/v2\/types\/page"}],"author":[{"embeddable":true,"href":"https:\/\/pusuladernegi.org\/index.php?rest_route=\/wp\/v2\/users\/1"}],"replies":[{"embeddable":true,"href":"https:\/\/pusuladernegi.org\/index.php?rest_route=%2Fwp%2Fv2%2Fcomments&post=565"}],"version-history":[{"count":13,"href":"https:\/\/pusuladernegi.org\/index.php?rest_route=\/wp\/v2\/pages\/565\/revisions"}],"predecessor-version":[{"id":1314,"href":"https:\/\/pusuladernegi.org\/index.php?rest_route=\/wp\/v2\/pages\/565\/revisions\/1314"}],"up":[{"embeddable":true,"href":"https:\/\/pusuladernegi.org\/index.php?rest_route=\/wp\/v2\/pages\/156"}],"wp:attachment":[{"href":"https:\/\/pusuladernegi.org\/index.php?rest_route=%2Fwp%2Fv2%2Fmedia&parent=565"}],"curies":[{"name":"wp","href":"https:\/\/api.w.org\/{rel}","templated":true}]}}